et z be u(g). What is the highest common factor of z and b?
13
Suppose 97*o = 101*o + 16, -2*x + 388 = 2*o. Calculate the highest common factor of 29799 and x.
99
Suppose -a - 3*a = 0. Let w = a + 1. Suppose 50*u - 51*u - 16 = -3*b, -u - 21 = -4*b. Calculate the greatest common factor of b and w.
1
Let c be -1 + 6 - (-9 + 10). Suppose 4*j = -c*j + 424. Let m = -46 + j. What is the highest common factor of m and 28?
7
Suppose 2105 = -38*v + 3397. What is the highest common divisor of 289 and v?
17
Suppose -4*w = 2*p - 242, p + 368 = 4*p + w. Let j = p + -16. What is the greatest common divisor of j and 963?
107
Let v(j) = 2*j**3 - 4*j**2 + 3*j + 1. Let x be v(3). Let p = 2 - -346. Let f be (0 - (-4)/6) + 4640/p. Calculate the greatest common divisor of x and f.
14
Let w(d) = 913*d - 8. Let n be w(1). Suppose -27*b + 769 = -n. Calculate the greatest common divisor of b and 155.
31
Let v be (-23 + 3645/(-15))/(-2). Calculate the highest common factor of 2318 and v.
19
Let i = -1187 + 1284. Suppose -y + 125 = -0*y. Let d = y - i. Calculate the highest common divisor of d and 4.
4
Let r = 23 + -31. Let f be (-27)/12 + (-2)/r + 11. Suppose -u + f = -0*u. Calculate the greatest common factor of 9 and u.
9
Let r = 888 + -622. Suppose 16*s = 35*s - r. Let y(j) = 35*j. Let t be y(2). Calculate the highest common divisor of t and s.
14
Let p be (-2322)/(-16) - 7/56. Let g = -92 + 104. Suppose 0 = g*x - 113 - 235. What is the greatest common divisor of p and x?
29
Suppose -127*j + 1865 = -5374. What is the highest common divisor of 12 and j?
3
Suppose 429*r = 1945697 + 791323. Calculate the greatest common divisor of 550 and r.
110
Let z = -107 + 110. Suppose z*r - 3*b = 111, -r - 20 = -2*b - 62. Calculate the greatest common factor of r and 128.
32
Let s(w) = -43*w**3 - 41*w**2 - 128*w + 9. Let j be s(-3). What is the highest common divisor of 225 and j?
15
Let d(o) = -8*o**2 - 6*o**3 + 6*o**3 + o**3 - 2 + 14*o + 3*o. Let l be d(7). Calculate the highest common factor of l and 8.
4
Let z(k) = -11*k + 81. Let v be z(-9). Suppose v = 13*q - q. Suppose o - 124 = -w, 4*w - 5*o - 468 = -2*o. What is the highest common factor of w and q?
15
Suppose 3*t = -60 + 180. Suppose 5*m + 3*f = 428, -2*m - 4*f = -5*m + 280. Calculate the highest common divisor of m and t.
8
Suppose 106*s - 7663 = 105*s + 2*g, 5*s - 4*g - 38315 = 0. What is the greatest common factor of 97 and s?
97
Suppose p - 100 - 62 = 0. Let q = 11 + 9. Suppose 27*r = q*r + 126. What is the highest common divisor of p and r?
18
Suppose -c = -h + 182, 5*h - 879 - 47 = -3*c. What is the greatest common divisor of h and 69?
23
Let o be 31 + -1 + 1 - (-21)/21. Suppose -5 + o = 9*n. Suppose 4*y - 4*m - 37 = 47, -n*y - 2*m + 53 = 0. Calculate the greatest common divisor of 57 and y.
19
Let l = 35 - 11. Let d be -1 - 0 - (24/(-4) - -10). Let f(s) = 15*s + 78. Let m be f(d). Calculate the highest common divisor of l and m.
3
Suppose -61 = -26*x + 30*x + m, -4*m = -4*x - 56. Let q be -4 - 0 - (-395)/x*-3. What is the greatest common factor of 3 and q?
3
Suppose -5*x = -0*x + 2*o - 3248, 5*x + 4*o - 3256 = 0. What is the greatest common divisor of x and 16?
8
Suppose 2*z = 70 - 52. Suppose 5*p - z - 6 = 0. What is the greatest common factor of 96 and p?
3
Let n(u) = 2*u - 252. Let z be n(44). Let x = -76 - z. Calculate the highest common factor of x and 110.
22
Suppose -74 = 3*x - 15 - 149. What is the greatest common divisor of 1965 and x?
15
Let o(u) = -4*u + 98. Let p be o(10). Let q = 133 - p. Calculate the greatest common factor of 165 and q.
15
Suppose -29*h + 28*h - 5*a + 27 = 0, -3*a - 3 = -h. Let d = 135 + -83. Calculate the greatest common factor of d and h.
4
Let a = 549 + -546. Suppose -3*k = o - 1901, -34*o + 30*o = a*k - 1916. What is the greatest common factor of 79 and k?
79
Let c be -14*((-85)/95 - (-4)/(-38)). Calculate the highest common factor of 2198 and c.
14
Let n = -3 + 14. Let f = 524 + -364. Suppose -f*s - 297 = -163*s. Calculate the greatest common factor of s and n.
11
Let q be -46*13 + -5 - (2 + 2). Let c = -420 - q. Calculate the greatest common divisor of c and 34.
17
Let m = 13293 - 13281. Calculate the highest common divisor of m and 1376.
4
Suppose -8*o - 2*o + 21 = -19. Suppose 95 = 3*r - 37. What is the greatest common factor of r and o?
4
Suppose -3*v = -3*y - 780, 4 = -y + 5. Suppose -5*z + v = 4*p, 2*z = -0*z - p + 102. What is the highest common divisor of z and 196?
49
Let k be (0 - -2) + -7 + 6. Let i(w) be the first derivative of 53*w**2/2 + 2*w + 7. Let v be i(k). Calculate the highest common factor of v and 22.
11
Let i be (-6)/12*-4 - (-51 + 3). What is the greatest common factor of i and 175?
25
Let p(z) = z**3 - 35*z**2 + 100*z - 42. Let v = -35 - -67. Let x be p(v). Calculate the greatest common divisor of x and 129.
43
Suppose 0 = 1030*m - 1022*m - 1120. What is the greatest common factor of m and 812?
28
Let d(p) = -p**3 + 2*p**2 + 7*p + 113. Let k be d(6). What is the highest common divisor of 5489 and k?
11
Suppose 0*v + v = c + 105, 2*v + 2*c - 238 = 0. What is the greatest common divisor of 1582 and v?
14
Let r = 274 - 115. Let h be ((-1)/(-9)*-3)/(4/(-1272)). What is the highest common factor of r and h?
53
Let g be 18 + (-54)/6 - -47. What is the highest common factor of 6384 and g?
56
Let y(l) be the second derivative of -l**5/20 + l**4/2 - 5*l**3/2 + 29*l**2 - 8*l. Let a be y(4). Calculate the highest common divisor of 60 and a.
30
Suppose -15*t - 12 = -13*t. Let k be (-152)/t*90/60. Calculate the greatest common divisor of k and 1.
1
Let f(h) = -4*h - 37. Let g be f(-11). Suppose 4*m - 11*m = -7. Let u be 49/((-2)/6*(-3)/m). Calculate the greatest common factor of g and u.
7
Let d be (45/6)/((-3)/(-16)). Suppose -11*i - 185 = -13*i + 5*v, -3*i + 5*v = -250. Calculate the highest common factor of i and d.
5
Suppose -31 = 68*v - 71*v + 35. What is the greatest common divisor of 2794 and v?
22
Let m(o) = o**3 + 5*o**2 - 45*o + 69. Let y be m(30). What is the greatest common factor of 21 and y?
21
Let a be -10*36*24/(-15). Suppose 14*o = a - 226. Calculate the greatest common divisor of 1 and o.
1
Suppose -234 = 3795*f - 3796*f. Calculate the highest common factor of 3900 and f.
78
Suppose -4*q = b - 2922, 0 = -56*q + 60*q - 4*b - 2912. What is the highest common factor of q and 73?
73
Suppose -11*h = -23*h - 840. Let y be 20/h - (-51)/7. What is the greatest common divisor of 238 and y?
7
Suppose -l = -2*a - 2486, -9029 = -3*l - 2*a - 1579. Calculate the highest common factor of 4 and l.
4
Suppose -5*v + 5*r = -2625, 0 = -134*v + 138*v - 2*r - 2094. What is the highest common factor of 7482 and v?
174
Let l be (-415)/166*384/(-5). Let w be (((-315)/(-10))/(-9))/((-3)/l). Calculate the greatest common factor of 280 and w.
56
Suppose -2*i + 5*g - 33 = 0, 2*g - 6 - 20 = 4*i. Let a be (2 + i)/(5/(-40)). What is the greatest common divisor of a and 120?
8
Let x be 15*(-7)/(-35)*(-2)/3. Let k be (22/88)/(x/(-592)). Calculate the greatest common divisor of k and 37.
37
Let w = 196830 + -196700. Let b = 253 - 175. Calculate the greatest common divisor of w and b.
26
Suppose 3*c + 2*p = 63, -3*c + p = 6*p - 72. Let y(a) = 5731*a + 40174. Let x be y(-7). Calculate the highest common factor of x and c.
19
Let v(k) be the third derivative of -k**6/120 + k**5/5 - 3*k**4/8 + 5*k**3/6 + 4*k**2 + 3. Let g be v(8). What is the highest common factor of g and 21?
21
Let v be (13/(52/(-288)))/((-15)/190). Suppose 4*x = 7*x - v. Calculate the highest common divisor of 38 and x.
38
Let n(i) = 11*i + 42. Let f be n(-15). Let r = -110 - f. Suppose o - r = 5*c + 109, 5*o = -4*c + 494. What is the greatest common factor of 6 and o?
6
Suppose -13*n + 32806 = -5*n + 30078. Let l = -84 + 146. Calculate the highest common factor of l and n.
31
Let c be (-96)/64*((-170)/3 - (-2)/3). What is the highest common divisor of 11508 and c?
84
Let q be 10/(-2) + ((-468)/(-6) - 12). What is the highest common factor of q and 2989?
61
Let g(o) = -8*o - 80. Let l be g(-16). What is the greatest common factor of l and 984?
24
Suppose 3*a = 4*w - 123, 5*w = 2*a + 153 - 1. Let u be ((-4)/5)/((-3)/w). Let q(d) = 8*d + 488. Let j be q(-50). What is the highest common factor of u and j?
8
Let b =